d w.
14
Let a(q) = -2*q**3 - 20*q**2 - 42*q - 56. Let y be a(-12). Calculate the greatest common factor of y and 288.
32
Let j(m) be the second derivative of 10*m**2 + 1/2*m**3 + 0 - 2*m. Let z be j(0). What is the greatest common factor of 10 and z?
10
Let o be (-5 + 56/7)*(-318)/(-18). Suppose -t - 3*n + 658 + 240 = 0, -4*n - 1806 = -2*t. What is the greatest common divisor of o and t?
53
Let n be (-515690)/(-21545) - 4/(-62). Suppose y + 4*y = m - 526, -m = -4*y - 524. Calculate the highest common factor of m and n.
12
Let i be 51/21 + -2 - (-25694)/203. What is the highest common divisor of 10033 and i?
127
Let i = 85 - 4. Suppose b = 5*q + 135, -i = 3*q - 4*b - 0*b. Let c = -17 - q. Calculate the highest common factor of 20 and c.
10
Let c be 9/(-6)*95*96/(-168)*56. What is the greatest common divisor of 160 and c?
80
Let x be (-7 + 3)/2 - -7. Let d = -367 - -522. What is the greatest common factor of d and x?
5
Let x be 210/(-18)*6/(-5). Suppose -383 + 99 = -4*r. Let d = r + -43. What is the highest common factor of d and x?
14
Let r be 0 + 0 + 276 + 6. Let i = r - 204. Calculate the greatest common factor of 12 and i.
6
Let g(b) = -14*b - 4. Let j be g(-1). Let x(r) = -r**2 + 9*r + 161. Let d be x(17). What is the greatest common divisor of j and d?
5
Suppose 4*c = 50 - 38. Suppose -c*l = -3*i + 3, -5*l - 7*i + 45 = -2*i. Let r = 114 + -70. What is the highest common divisor of r and l?
4
Suppose t + 2*f - 108 = 0, -4*t - 29 = f - 461. Suppose -19*g - t = -23*g. Calculate the greatest common divisor of g and 297.
27
Let u(t) = -t**2 + 246. Let s be u(0). Suppose -7*y = 6 - 48 - 0. What is the highest common factor of s and y?
6
Let c be 2584/6 + 43 + 3/((-9)/(-4)). Calculate the highest common divisor of 133 and c.
19
Let h(d) = -6*d - 30. Let t(o) = -2*o**2 - 6*o + 9. Let y be t(-5). Let s be h(y). Calculate the greatest common divisor of 45 and s.
9
Let a = 3067 + -2869. What is the greatest common divisor of 324 and a?
18
Suppose -5*p - 4*g + 2029 = -g, 4*p - 1632 = 2*g. Let s = 547 - p. Calculate the highest common factor of s and 84.
28
Let r(f) = f**2 - 11*f - 274. Let k be r(-14). What is the greatest common factor of 4256 and k?
76
Let l = 459 + 15. Suppose 0 = -6*f + l - 114. What is the greatest common factor of f and 60?
60
Let d = 17420 - 15363. What is the highest common divisor of d and 680?
17
Let x be (1580/70 - 22)*(-1589)/(-2). What is the greatest common divisor of x and 4?
2
Let u(x) = -5*x**2 - 534*x + 142. Let z be u(-107). Calculate the greatest common factor of 931 and z.
7
Suppose 0 = -2*x - 19 + 33. Let t(b) = -b**3 + 7*b**2 - b + 13. Let d be t(x). Suppose 0 = h - d*h + 200. What is the greatest common factor of h and 10?
10
Suppose 0 = 13*p - 1079 + 988. Let c = 13 - -442. Suppose 3*r = -5*f + 326, -4*r + c = f + 9. Calculate the greatest common factor of p and r.
7
Let b = 128 + -95. Suppose 6*s - 75 = b. Let a(o) = 24*o - 18. Let p be a(6). Calculate the greatest common divisor of p and s.
18
Suppose 3*h - 363 = -0*h. Suppose 0 = -2*p - 578 + 2288. Let c be p/75 + 4/(-10). What is the highest common divisor of c and h?
11
Suppose -42*r - 252 = -60*r. Let i(a) = 6*a**3 - a + 3. Let f be i(2). What is the greatest common factor of f and r?
7
Let y be (8/10)/(-4) - (-88)/40. Suppose 3*r - 4*m = -y*m + 23, 3 = -3*m. Calculate the greatest common factor of r and 217.
7
Suppose -13*y - 198*y = -418624. What is the highest common factor of y and 64?
64
Let b(u) = 8*u**2 - u + 12. Suppose 3*i + z + 15 = 0, -17*i = -15*i + 4*z. Let r be b(i). What is the greatest common factor of 34 and r?
34
Suppose -3*v + 7 = 2*z, -v = -2*z - 5 + 16. Suppose 0 = m + z*w - 240, -8*w - 1229 = -5*m - 4*w. Calculate the highest common divisor of 105 and m.
35
Suppose 0 = -103*i - 28 + 21555. What is the highest common factor of 1650 and i?
11
Let j(h) = h**2 - h + 4. Suppose b = 2*b. Let n be j(b). Suppose 1107*q - 47 = 1060*q. What is the highest common factor of q and n?
1
Let r be 6/(-21) + 930/21. Let b be (-14)/119 + 0 - ((-5561)/17 + -3). Calculate the greatest common divisor of r and b.
22
Let h be ((-1)/1)/(6/60). Let u = 11 + h. Suppose -20*s - 190 = -58*s. What is the highest common divisor of u and s?
1
Let b be (16/6)/((-26)/(-39)). Suppose 5*r - 15 = b*r. Let q = -354 - -360. Calculate the highest common divisor of r and q.
3
Let a(l) = -l**2 + 8*l + 16. Suppose 0 = -4*k, -10*h + 3*k - 18 = -12*h. Let g be a(h). What is the greatest common divisor of g and 133?
7
Let b(p) = 3*p - 22. Let z be b(8). Let w be z - -8 - (-1 - -3). Calculate the highest common divisor of 1 and w.
1
Suppose 36*r + 30 = 41*r. Let k be (-4 - (-8)/(-12))/(r/(-9)). Let w be ((-63)/(-3))/(2 - 1). What is the highest common divisor of k and w?
7
Let j = 219 - 271. Let a = -50 - j. What is the highest common factor of a and 26?
2
Let u be 4 + 4 - (-536)/(7 + -5). Calculate the highest common factor of u and 18.
6
Let w be 4/8 - (-7)/2. Suppose w*b - 26 = 34. Suppose 3*d - a = 6*d - 19, 2*d - 7 = 5*a. What is the greatest common divisor of b and d?
3
Let c = 10 + -8. Suppose 40 = -c*p + 60. Suppose p*j - 14*j + 160 = 0. What is the greatest common factor of j and 4?
4
Let c be 17/((-1190)/882)*-55. What is the highest common factor of 21 and c?
21
Suppose 11*y - 3208 - 3381 = 0. Suppose -6*q + 649 + y = 0. What is the highest common divisor of q and 24?
8
Suppose 12*a - 1236 = 8*a + 5*b, 0 = 5*a - 4*b - 1536. Let h(p) = -p**3 + 16. Let j be h(0). Calculate the highest common divisor of a and j.
16
Suppose 11*t - 1668 = 620. Suppose -58*a = -50*a - t. Calculate the highest common divisor of 403 and a.
13
Suppose 0 = 2*d - 19*f + 15*f - 226, f = 3*d - 349. Calculate the greatest common factor of 3744 and d.
117
Suppose 0 = -12*s + 3094 + 3770. Calculate the greatest common divisor of s and 220.
44
Suppose 2*v - 4*v + 100 = -4*t, 5*v - 268 = t. Let l = 266 - 264. Suppose -l*b - 3*j - 12 = -4*b, -6 = -b - j. What is the highest common divisor of b and v?
6
Suppose 11*n - 7*n = -4*k + 96, -n = -2*k - 12. Calculate the highest common factor of 412 and n.
4
Let n = -110 + 160. Let d = -2 + 27. Calculate the highest common divisor of n and d.
25
Suppose -4*h - 504 = -3*o, 46*o + 4*h = 42*o + 700. Calculate the greatest common factor of o and 3655.
43
Suppose 825 = d - 5*c, 4*d + 5*c - 3237 = 4*c. Suppose -5*p = -38 - 52. What is the highest common factor of d and p?
18
Suppose 7*q = 6*q - 3. Let t be -4*2*(q/(-4))/(-3). Let b be ((-33)/3)/(t/(-14)). What is the highest common divisor of b and 7?
7
Let d be 14 + (-144)/(-32)*4. What is the greatest common factor of d and 3352?
8
Let a = -26 - -14. Let u = a + 28. Suppose -3*z + 4 = 1, 0 = 2*n + 5*z - 9. What is the highest common factor of u and n?
2
Let a(x) = 97*x**2 + 5*x + 4. Let g be a(-1). Suppose -60 = -97*c + g*c. What is the highest common factor of 12 and c?
12
Suppose 164 = 2*v + 20. Suppose 30 = -31*l + 36*l. Suppose 0 = -p - l*p + 126. What is the greatest common factor of v and p?
18
Suppose -a = -188 + 187. Let m be a*((7 - -309) + -1). What is the greatest common divisor of 135 and m?
45
Suppose -570 = -12*z + 2*t, -13*z - 3*t = -15*z + 87. Let r be ((-3)/6)/(2/(-72)). Calculate the highest common divisor of r and z.
6
Suppose 281*c + 128 = 297*c. What is the highest common divisor of 146 and c?
2
Let p(x) = -3*x + 2*x + 8 + 2*x + 6. Let q be p(-8). Let n be (-2)/6*(q - 9). What is the greatest common factor of 4 and n?
1
Let q = 8233 + -4261. What is the highest common factor of q and 36?
12
Let f = -5668 + 6691. Calculate the highest common divisor of 1767 and f.
93
Let k = 4075 - -1910. What is the highest common factor of 95 and k?
95
Suppose 0 = -91*o + 96*o - 15. Suppose 0 = -5*t + v - 3*v + 970, -556 = -o*t + 4*v. Calculate the greatest common factor of 12 and t.
12
Let l(m) = -2*m + 14. Let j be l(9). Let s be (-4 - -4) + (-1 - j). Suppose -15 = -s*y + 75. What is the highest common divisor of y and 210?
30
Suppose 74*z = 71*z + 6, 3*z = 4*y - 390. Calculate the greatest common divisor of 243 and y.
9
Let w be ((-2295)/170)/(-1 - (-10)/16). Suppose 5*j + 5*c = 605, -10*c = 4*j - 9*c - 499. What is the greatest common divisor of w and j?
18
Suppose b = -2*h + 42 + 5, 3*b = -2*h + 45.